{"id":503,"date":"2019-02-19T21:09:20","date_gmt":"2019-02-19T19:09:20","guid":{"rendered":"https:\/\/www.bbdjteam.si\/?page_id=503"},"modified":"2024-01-18T16:03:23","modified_gmt":"2024-01-18T14:03:23","slug":"ozvocenje-in-razsvetljava","status":"publish","type":"page","link":"https:\/\/www.bbdjteam.si\/?page_id=503","title":{"rendered":"Ozvo\u010denje in osvetlitev"},"content":{"rendered":"\n<h2 style=\"text-align: justify;\">V ponudbi imamo:<\/h2>\n<ul>\n<li style=\"text-align: justify;\">\n<h2>Profesionalno ozvo\u010denje Electro-Voice ter Yamaha,<\/h2>\n<\/li>\n<li style=\"text-align: justify;\">\n<h2>Razli\u010dne svetlobne figure in efekte,<\/h2>\n<\/li>\n<li style=\"text-align: justify;\">\n<h2>Mikrofonsko tehniko,<\/h2>\n<\/li>\n<li style=\"text-align: justify;\">\n<h2>Razli\u010dne naprave za ustvarjanje megle,<\/h2>\n<\/li>\n<li style=\"text-align: justify;\">\n<h2>Naprave za izpust milnih mehur\u010dkov,<\/h2>\n<\/li>\n<li style=\"text-align: justify;\">\n<h2>Projektor za projekcijo personaliziranega logotipa,<\/h2>\n<\/li>\n<li>\n<h2>Napravo za talno meglo (z uporabo suhega ledu) &#8211; efekt oblaka<\/h2>\n<\/li>\n<li>\n<h2>Hladne iskre &#8211; za uporabo v notranjih prostorih<\/h2>\n<\/li>\n<\/ul>\n<p>&nbsp;<\/p>\n\n\n\n<div class=\"wp-block-group is-layout-flow wp-block-group-is-layout-flow\">\n<p>\u00a0<\/p>\n<div id='gallery-1' class='gallery galleryid-503 gallery-columns-4 gallery-size-small'><figure class='gallery-item'>\n\t\t\t<div class='gallery-icon portrait'>\n\t\t\t\t<img loading=\"lazy\" decoding=\"async\" width=\"270\" height=\"270\" src=\"https:\/\/www.bbdjteam.si\/wp-content\/uploads\/2021\/12\/20211106_185412-270x270.jpg\" class=\"attachment-small size-small\" alt=\"\" srcset=\"https:\/\/www.bbdjteam.si\/wp-content\/uploads\/2021\/12\/20211106_185412-270x270.jpg 270w, https:\/\/www.bbdjteam.si\/wp-content\/uploads\/2021\/12\/20211106_185412-150x150.jpg 150w\" sizes=\"auto, (max-width: 270px) 100vw, 270px\" \/>\n\t\t\t<\/div><\/figure><figure class='gallery-item'>\n\t\t\t<div class='gallery-icon portrait'>\n\t\t\t\t<img loading=\"lazy\" decoding=\"async\" width=\"270\" height=\"270\" src=\"https:\/\/www.bbdjteam.si\/wp-content\/uploads\/2021\/12\/20211106_184049-270x270.jpg\" class=\"attachment-small size-small\" alt=\"\" srcset=\"https:\/\/www.bbdjteam.si\/wp-content\/uploads\/2021\/12\/20211106_184049-270x270.jpg 270w, https:\/\/www.bbdjteam.si\/wp-content\/uploads\/2021\/12\/20211106_184049-150x150.jpg 150w\" sizes=\"auto, (max-width: 270px) 100vw, 270px\" \/>\n\t\t\t<\/div><\/figure><figure class='gallery-item'>\n\t\t\t<div class='gallery-icon landscape'>\n\t\t\t\t<img loading=\"lazy\" decoding=\"async\" width=\"270\" height=\"270\" src=\"https:\/\/www.bbdjteam.si\/wp-content\/uploads\/2021\/12\/IMG_20210606_150525_722-270x270.jpg\" class=\"attachment-small size-small\" alt=\"\" srcset=\"https:\/\/www.bbdjteam.si\/wp-content\/uploads\/2021\/12\/IMG_20210606_150525_722-270x270.jpg 270w, https:\/\/www.bbdjteam.si\/wp-content\/uploads\/2021\/12\/IMG_20210606_150525_722-300x300.jpg 300w, https:\/\/www.bbdjteam.si\/wp-content\/uploads\/2021\/12\/IMG_20210606_150525_722-1024x1024.jpg 1024w, https:\/\/www.bbdjteam.si\/wp-content\/uploads\/2021\/12\/IMG_20210606_150525_722-150x150.jpg 150w, https:\/\/www.bbdjteam.si\/wp-content\/uploads\/2021\/12\/IMG_20210606_150525_722-768x768.jpg 768w, https:\/\/www.bbdjteam.si\/wp-content\/uploads\/2021\/12\/IMG_20210606_150525_722-400x400.jpg 400w, https:\/\/www.bbdjteam.si\/wp-content\/uploads\/2021\/12\/IMG_20210606_150525_722.jpg 1080w\" sizes=\"auto, (max-width: 270px) 100vw, 270px\" \/>\n\t\t\t<\/div><\/figure><figure class='gallery-item'>\n\t\t\t<div class='gallery-icon landscape'>\n\t\t\t\t<img loading=\"lazy\" decoding=\"async\" width=\"270\" height=\"270\" src=\"https:\/\/www.bbdjteam.si\/wp-content\/uploads\/2021\/12\/Ples-270x270.png\" class=\"attachment-small size-small\" alt=\"\" srcset=\"https:\/\/www.bbdjteam.si\/wp-content\/uploads\/2021\/12\/Ples-270x270.png 270w, https:\/\/www.bbdjteam.si\/wp-content\/uploads\/2021\/12\/Ples-150x150.png 150w\" sizes=\"auto, (max-width: 270px) 100vw, 270px\" \/>\n\t\t\t<\/div><\/figure><figure class='gallery-item'>\n\t\t\t<div class='gallery-icon landscape'>\n\t\t\t\t<img loading=\"lazy\" decoding=\"async\" width=\"270\" height=\"270\" src=\"https:\/\/www.bbdjteam.si\/wp-content\/uploads\/2019\/07\/IMG_20190707_201531_079-270x270.jpg\" class=\"attachment-small size-small\" alt=\"\" srcset=\"https:\/\/www.bbdjteam.si\/wp-content\/uploads\/2019\/07\/IMG_20190707_201531_079-270x270.jpg 270w, https:\/\/www.bbdjteam.si\/wp-content\/uploads\/2019\/07\/IMG_20190707_201531_079-150x150.jpg 150w\" sizes=\"auto, (max-width: 270px) 100vw, 270px\" \/>\n\t\t\t<\/div><\/figure><figure class='gallery-item'>\n\t\t\t<div class='gallery-icon landscape'>\n\t\t\t\t<img loading=\"lazy\" decoding=\"async\" width=\"270\" height=\"270\" src=\"https:\/\/www.bbdjteam.si\/wp-content\/uploads\/2019\/05\/20190427_192030-270x270.jpg\" class=\"attachment-small size-small\" alt=\"\" aria-describedby=\"gallery-1-1058\" srcset=\"https:\/\/www.bbdjteam.si\/wp-content\/uploads\/2019\/05\/20190427_192030-270x270.jpg 270w, https:\/\/www.bbdjteam.si\/wp-content\/uploads\/2019\/05\/20190427_192030-150x150.jpg 150w\" sizes=\"auto, (max-width: 270px) 100vw, 270px\" \/>\n\t\t\t<\/div>\n\t\t\t\t<figcaption class='wp-caption-text gallery-caption' id='gallery-1-1058'>\n\t\t\t\tNajino delovno okolje\n\t\t\t\t<\/figcaption><\/figure><figure class='gallery-item'>\n\t\t\t<div class='gallery-icon portrait'>\n\t\t\t\t<img loading=\"lazy\" decoding=\"async\" width=\"270\" height=\"270\" src=\"https:\/\/www.bbdjteam.si\/wp-content\/uploads\/2021\/12\/20210828_153815-270x270.jpg\" class=\"attachment-small size-small\" alt=\"\" srcset=\"https:\/\/www.bbdjteam.si\/wp-content\/uploads\/2021\/12\/20210828_153815-270x270.jpg 270w, https:\/\/www.bbdjteam.si\/wp-content\/uploads\/2021\/12\/20210828_153815-150x150.jpg 150w\" sizes=\"auto, (max-width: 270px) 100vw, 270px\" \/>\n\t\t\t<\/div><\/figure><figure class='gallery-item'>\n\t\t\t<div class='gallery-icon landscape'>\n\t\t\t\t<img loading=\"lazy\" decoding=\"async\" width=\"270\" height=\"270\" src=\"https:\/\/www.bbdjteam.si\/wp-content\/uploads\/2021\/09\/IMG_20210531_223205_852-270x270.jpg\" class=\"attachment-small size-small\" alt=\"\" srcset=\"https:\/\/www.bbdjteam.si\/wp-content\/uploads\/2021\/09\/IMG_20210531_223205_852-270x270.jpg 270w, https:\/\/www.bbdjteam.si\/wp-content\/uploads\/2021\/09\/IMG_20210531_223205_852-150x150.jpg 150w\" sizes=\"auto, (max-width: 270px) 100vw, 270px\" \/>\n\t\t\t<\/div><\/figure><figure class='gallery-item'>\n\t\t\t<div class='gallery-icon landscape'>\n\t\t\t\t<img loading=\"lazy\" decoding=\"async\" width=\"270\" height=\"270\" src=\"https:\/\/www.bbdjteam.si\/wp-content\/uploads\/2021\/09\/IMG_20210606_150525_698-270x270.jpg\" class=\"attachment-small size-small\" alt=\"\" srcset=\"https:\/\/www.bbdjteam.si\/wp-content\/uploads\/2021\/09\/IMG_20210606_150525_698-270x270.jpg 270w, https:\/\/www.bbdjteam.si\/wp-content\/uploads\/2021\/09\/IMG_20210606_150525_698-300x300.jpg 300w, https:\/\/www.bbdjteam.si\/wp-content\/uploads\/2021\/09\/IMG_20210606_150525_698-1024x1024.jpg 1024w, https:\/\/www.bbdjteam.si\/wp-content\/uploads\/2021\/09\/IMG_20210606_150525_698-150x150.jpg 150w, https:\/\/www.bbdjteam.si\/wp-content\/uploads\/2021\/09\/IMG_20210606_150525_698-768x768.jpg 768w, https:\/\/www.bbdjteam.si\/wp-content\/uploads\/2021\/09\/IMG_20210606_150525_698-400x400.jpg 400w, https:\/\/www.bbdjteam.si\/wp-content\/uploads\/2021\/09\/IMG_20210606_150525_698.jpg 1440w\" sizes=\"auto, (max-width: 270px) 100vw, 270px\" \/>\n\t\t\t<\/div><\/figure><figure class='gallery-item'>\n\t\t\t<div class='gallery-icon portrait'>\n\t\t\t\t<img loading=\"lazy\" decoding=\"async\" width=\"270\" height=\"270\" src=\"https:\/\/www.bbdjteam.si\/wp-content\/uploads\/2021\/12\/IMG_20210825_220016_593-270x270.jpg\" class=\"attachment-small size-small\" alt=\"\" srcset=\"https:\/\/www.bbdjteam.si\/wp-content\/uploads\/2021\/12\/IMG_20210825_220016_593-270x270.jpg 270w, https:\/\/www.bbdjteam.si\/wp-content\/uploads\/2021\/12\/IMG_20210825_220016_593-150x150.jpg 150w\" sizes=\"auto, (max-width: 270px) 100vw, 270px\" \/>\n\t\t\t<\/div><\/figure><figure class='gallery-item'>\n\t\t\t<div class='gallery-icon landscape'>\n\t\t\t\t<img loading=\"lazy\" decoding=\"async\" width=\"270\" height=\"270\" src=\"https:\/\/www.bbdjteam.si\/wp-content\/uploads\/2019\/05\/20190427_195208-270x270.jpg\" class=\"attachment-small size-small\" alt=\"\" srcset=\"https:\/\/www.bbdjteam.si\/wp-content\/uploads\/2019\/05\/20190427_195208-270x270.jpg 270w, https:\/\/www.bbdjteam.si\/wp-content\/uploads\/2019\/05\/20190427_195208-150x150.jpg 150w\" sizes=\"auto, (max-width: 270px) 100vw, 270px\" \/>\n\t\t\t<\/div><\/figure><figure class='gallery-item'>\n\t\t\t<div class='gallery-icon landscape'>\n\t\t\t\t<img loading=\"lazy\" decoding=\"async\" width=\"270\" height=\"270\" src=\"https:\/\/www.bbdjteam.si\/wp-content\/uploads\/2019\/03\/ozv_razs_4-270x270.jpg\" class=\"attachment-small size-small\" alt=\"\" aria-describedby=\"gallery-1-907\" srcset=\"https:\/\/www.bbdjteam.si\/wp-content\/uploads\/2019\/03\/ozv_razs_4-270x270.jpg 270w, https:\/\/www.bbdjteam.si\/wp-content\/uploads\/2019\/03\/ozv_razs_4-150x150.jpg 150w\" sizes=\"auto, (max-width: 270px) 100vw, 270px\" \/>\n\t\t\t<\/div>\n\t\t\t\t<figcaption class='wp-caption-text gallery-caption' id='gallery-1-907'>\n\t\t\t\tMe\u0161alna Miza\n\t\t\t\t<\/figcaption><\/figure><figure class='gallery-item'>\n\t\t\t<div class='gallery-icon landscape'>\n\t\t\t\t<img loading=\"lazy\" decoding=\"async\" width=\"270\" height=\"270\" src=\"https:\/\/www.bbdjteam.si\/wp-content\/uploads\/2019\/03\/ozv_razs_5-270x270.jpg\" class=\"attachment-small size-small\" alt=\"\" aria-describedby=\"gallery-1-908\" srcset=\"https:\/\/www.bbdjteam.si\/wp-content\/uploads\/2019\/03\/ozv_razs_5-270x270.jpg 270w, https:\/\/www.bbdjteam.si\/wp-content\/uploads\/2019\/03\/ozv_razs_5-150x150.jpg 150w\" sizes=\"auto, (max-width: 270px) 100vw, 270px\" \/>\n\t\t\t<\/div>\n\t\t\t\t<figcaption class='wp-caption-text gallery-caption' id='gallery-1-908'>\n\t\t\t\tOzvo\u010denje in osvetlitev_1\n\t\t\t\t<\/figcaption><\/figure>\n\t\t<\/div>\n\n<p><br \/><br \/><br \/><br \/><br \/><\/p>\n<\/div>\n","protected":false},"excerpt":{"rendered":"<p>V ponudbi imamo: Profesionalno ozvo\u010denje Electro-Voice ter Yamaha, Razli\u010dne svetlobne figure in efekte, Mikrofonsko tehniko, Razli\u010dne naprave za ustvarjanje megle, [&hellip;]<\/p>\n","protected":false},"author":1,"featured_media":0,"parent":0,"menu_order":0,"comment_status":"closed","ping_status":"closed","template":"","meta":{"site-sidebar-layout":"default","site-content-layout":"","ast-site-content-layout":"default","site-content-style":"default","site-sidebar-style":"default","ast-global-header-display":"","ast-banner-title-visibility":"","ast-main-header-display":"","ast-hfb-above-header-display":"","ast-hfb-below-header-display":"","ast-hfb-mobile-header-display":"","site-post-title":"","ast-breadcrumbs-content":"","ast-featured-img":"","footer-sml-layout":"","ast-disable-related-posts":"","theme-transparent-header-meta":"","adv-header-id-meta":"","stick-header-meta":"","header-above-stick-meta":"","header-main-stick-meta":"","header-below-stick-meta":"","astra-migrate-meta-layouts":"default","ast-page-background-enabled":"default","ast-page-background-meta":{"desktop":{"background-color":"var(--ast-global-color-5)","background-image":"","background-repeat":"repeat","background-position":"center center","background-size":"auto","background-attachment":"scroll","background-type":"","background-media":"","overlay-type":"","overlay-color":"","overlay-opacity":"","overlay-gradient":""},"tablet":{"background-color":"","background-image":"","background-repeat":"repeat","background-position":"center center","background-size":"auto","background-attachment":"scroll","background-type":"","background-media":"","overlay-type":"","overlay-color":"","overlay-opacity":"","overlay-gradient":""},"mobile":{"background-color":"","background-image":"","background-repeat":"repeat","background-position":"center center","background-size":"auto","background-attachment":"scroll","background-type":"","background-media":"","overlay-type":"","overlay-color":"","overlay-opacity":"","overlay-gradient":""}},"ast-content-background-meta":{"desktop":{"background-color":"var(--ast-global-color-4)","background-image":"","background-repeat":"repeat","background-position":"center center","background-size":"auto","background-attachment":"scroll","background-type":"","background-media":"","overlay-type":"","overlay-color":"","overlay-opacity":"","overlay-gradient":""},"tablet":{"background-color":"var(--ast-global-color-4)","background-image":"","background-repeat":"repeat","background-position":"center center","background-size":"auto","background-attachment":"scroll","background-type":"","background-media":"","overlay-type":"","overlay-color":"","overlay-opacity":"","overlay-gradient":""},"mobile":{"background-color":"var(--ast-global-color-4)","background-image":"","background-repeat":"repeat","background-position":"center center","background-size":"auto","background-attachment":"scroll","background-type":"","background-media":"","overlay-type":"","overlay-color":"","overlay-opacity":"","overlay-gradient":""}},"footnotes":""},"class_list":["post-503","page","type-page","status-publish","hentry"],"_links":{"self":[{"href":"https:\/\/www.bbdjteam.si\/index.php?rest_route=\/wp\/v2\/pages\/503","targetHints":{"allow":["GET"]}}],"collection":[{"href":"https:\/\/www.bbdjteam.si\/index.php?rest_route=\/wp\/v2\/pages"}],"about":[{"href":"https:\/\/www.bbdjteam.si\/index.php?rest_route=\/wp\/v2\/types\/page"}],"author":[{"embeddable":true,"href":"https:\/\/www.bbdjteam.si\/index.php?rest_route=\/wp\/v2\/users\/1"}],"replies":[{"embeddable":true,"href":"https:\/\/www.bbdjteam.si\/index.php?rest_route=%2Fwp%2Fv2%2Fcomments&post=503"}],"version-history":[{"count":0,"href":"https:\/\/www.bbdjteam.si\/index.php?rest_route=\/wp\/v2\/pages\/503\/revisions"}],"wp:attachment":[{"href":"https:\/\/www.bbdjteam.si\/index.php?rest_route=%2Fwp%2Fv2%2Fmedia&parent=503"}],"curies":[{"name":"wp","href":"https:\/\/api.w.org\/{rel}","templated":true}]}}